ist the prime factors of j.
2, 137
Suppose 3*p + 20 = 23. Let w be ((-60)/(-75))/(2/(-10))*p. List the prime factors of ((-22)/10 + 2)/(w/3820).
191
Let v be (-21)/(-105) - 508/(-10). Let m be v/34 - 10/(-4). Suppose 3*y - 2*w = 117, -7*y + 3*y - m*w + 136 = 0. What are the prime factors of y?
37
Let b = 89 - 69. Let t be (4 + (-305)/b)*-4. Let s = t + 33. What are the prime factors of s?
2, 3, 13
Let a = 14465 + -3006. List the prime factors of a.
7, 1637
Let t = -590 + 754. Suppose 157*c = t*c - 6664. List the prime factors of c.
2, 7, 17
Suppose 26260 + 24458 = 6*t. List the prime factors of t.
79, 107
Suppose 51 = 6*z - 5*z. What are the prime factors of z*40/14 + 30/105?
2, 73
What are the prime factors of -63 + 80 - (-31084 - 2)?
19, 1637
Suppose 0 = -4*q + 12, 4*s + q + 391 = -2*q. What are the prime factors of 578/5*s/(-40)?
17
Let v be (-2)/8 + 103425/100. Let t = -673 + v. List the prime factors of t.
19
Let v be -1 - 1*((6 - -1) + 2). Let r be 7 + -8 - (-1 - v). List the prime factors of ((-4)/r)/((-4)/(-420)).
2, 3, 7
Suppose -238*c + 223*c + 41430 = 0. What are the prime factors of c?
2, 1381
Let k(t) = 10*t + 9. Let y(d) be the first derivative of d**2/2 - d + 4. Let h(b) = k(b) - 3*y(b). List the prime factors of h(4).
2, 5
Let a = -63922 + 112351. What are the prime factors of a?
3, 5381
Let f be 24/(-28) + 135/35. Suppose 23*v - 25*v + 528 = l, -f*v + 4*l = -781. List the prime factors of v.
263
Suppose -3*w - 106227 = -5*d - 12139, -12 = 2*w. List the prime factors of d.
2, 23, 409
Let b(u) = -u**3 + 14*u**2 + 8*u - 26. Let l(d) = -3*d**3 + 29*d**2 + 15*d - 53. Let v(y) = -5*b(y) + 2*l(y). What are the prime factors of v(-12)?
2, 3
List the prime factors of (36421/(-21)*(-9)/12)/(2/8).
11, 43
Suppose -127*l = -322*l + 3109074 - 990009. List the prime factors of l.
10867
Let v be (47214/270 - 10) + 2/15. Suppose -v*q = -163*q - 2216. What are the prime factors of q?
2, 277
Suppose 2*t + 4*b - 159 = 187, 164 = t + 5*b. Suppose -h = 61 - t. What are the prime factors of h?
2, 59
Let d(w) = -5*w + 61. Let a be d(11). What are the prime factors of a + (-7 - -4)*-274?
2, 3, 23
Let i(s) = 446*s**3 - 7*s**2 - 15*s - 2. Let c(l) = -891*l**3 + 15*l**2 + 32*l + 4. Let h(x) = -6*c(x) - 13*i(x). What are the prime factors of h(-1)?
2, 113
Let w = -196 - -358. Let n(i) = -i**2 + 14*i + 4. Let l be n(14). What are the prime factors of w/2 + l + 1?
2, 43
Let b(j) = j**3 - j**2 - j. Let s(g) = -176*g**3 + 3*g**2 - g + 1. Suppose 0 = 42*u - 44*u - 2. Let l(f) = u*b(f) - s(f). What are the prime factors of l(1)?
2, 3, 29
Let j(k) = -3*k + 15. Suppose -4*z = -83 + 59. Let o be j(z). Let m(v) = -37*v - 18. What are the prime factors of m(o)?
3, 31
Suppose 0 = -40*b + 45*b - 50. Suppose 1960 = b*v - 6*v. What are the prime factors of v?
2, 5, 7
Let h = 21346 + -3269. List the prime factors of h.
18077
List the prime factors of (-300914)/(-16) + 760/64 + -12.
3, 6269
Suppose 98*f - 101*f + d = -36253, 4*f - 48354 = -2*d. What are the prime factors of f?
2, 6043
Let l(i) = -4*i + 49. Let j be l(12). Let z be 424 + ((-3)/2 - j/2). Suppose -4*c = 1 + 3, -3*m = -2*c - z. What are the prime factors of m?
2, 5, 7
Let k(l) = -95*l - 76*l + 17*l - 30*l. Let y(p) = -551*p - 1. Let o(c) = 8*k(c) - 3*y(c). List the prime factors of o(1).
2, 23
Suppose 4*i - 12 = 3*m, 2*i - 5 - 1 = 4*m. Suppose -2*y + 1523 = -b, -2*b = y - i*y + 1518. What are the prime factors of y?
2, 191
Let m = -5815 + 13985. List the prime factors of m.
2, 5, 19, 43
Suppose 0 = -4*x - 2*q - 11 + 15, -q = x. Suppose 6*n - 1060 = 5*n + x*g, -n + 1055 = -g. List the prime factors of n.
2, 3, 5, 7
Let n be 53/17 + (-24)/204. Suppose -n*b + 5*b = 4. Suppose -2*h - b*h + 388 = 0. List the prime factors of h.
97
Let m(d) = 467*d**3 - 6*d**2 - 12*d + 62. List the prime factors of m(5).
3, 13, 1493
Let b(a) = 343*a**2 - 58*a - 514. What are the prime factors of b(-7)?
16699
Suppose a - 5*z - 640 = 0, 0*a + z = -4*a + 2644. Let o = a - 349. List the prime factors of o.
311
Suppose -5*w - 1921 - 1798 = -s, 0 = 4*s - 4*w - 14908. List the prime factors of s.
3, 11, 113
Let j(r) = -2*r - 2*r**2 - r + 4570*r**3 + 3 + 0 - 4568*r**3. Let i be 4 - (-2 + 3)*0. What are the prime factors of j(i)?
3, 29
Let x be (30/18)/(3 - (-2272)/(-756)). What are the prime factors of 15/(x/154)*-24?
2, 11
Let l = 33 - 27. Let d be ((-9)/2)/(l/12). List the prime factors of -8*(d/4)/(-2 - -3).
2, 3
Suppose 101 - 11 = -5*l. Let o(f) = 95 + 22 + f - 69 + f**3 + 6*f + 10*f**2 + 9*f**2. List the prime factors of o(l).
2, 3, 41
Suppose 0 = 3*k + x - 177439, 4*k + x - 4*x = 236555. What are the prime factors of k?
2, 7393
Let d be (-4)/(-2)*2/(-4)*-9. Suppose -d*x + 15*x = 5382. Suppose 0*g + 2*k = -5*g + x, 2*g + 5*k - 363 = 0. List the prime factors of g.
179
Let s be (-4648)/(-18) - 6/27. Suppose 3*r - s = 3*j, -4*r + 170 = -5*j - 171. List the prime factors of r.
89
Suppose 6*k + 3 = 9*k. Let v be (1/(-5))/(k/(-505)). Suppose -v = -4*f + 151. What are the prime factors of f?
3, 7
Let r = 9495 + -9005. What are the prime factors of r?
2, 5, 7
Let j(x) = -23*x**3 - 5*x**2 - 119*x + 48. What are the prime factors of j(-11)?
3, 5, 17, 41
Let x = -108 + 68. Suppose 4*m - 2*a - 264 = 0, -157 = -3*m + 4*a + 41. Let t = x + m. List the prime factors of t.
2, 13
Suppose 10*m - 114272 = -7852. List the prime factors of m.
2, 17, 313
Suppose 137596 = -11*a + 3*a + 368708. What are the prime factors of a?
7, 4127
Let c(k) = -5*k - 293. Let y be c(-22). Let g = y + 227. What are the prime factors of g?
2, 11
Let d be (-6)/2 - (48 + -54). Suppose -5*s + 3*s + 392 = -d*y, 2*s - 4*y = 390. What are the prime factors of s?
199
What are the prime factors of (152/(-6))/(-44 - (-225980)/5136)?
2, 19, 107
Suppose 4*t + 24 = 4*i, 6 + 8 = -5*t + i. Let d be 1 + -1 - (-1 + t). What are the prime factors of d + -4 + 233 + -3?
229
Suppose n + 12*n = 46215. List the prime factors of n.
3, 5, 79
Suppose -53*s + 2048 = -51*s. Let h = s - 392. List the prime factors of h.
2, 79
Suppose -31 + 25 = -t. Suppose -n + z - 35 = -t*n, 3*z - 3 = 2*n. Let f(w) = 3*w + 18. What are the prime factors of f(n)?
2, 3
Let v be (-20 - 40)*(-1 - -2). What are the prime factors of (724/10)/(8 + 474/v)?
2, 181
Suppose l - 4032 = -4*u, -5*l + 20068 = -99*u + 96*u. List the prime factors of l.
2, 251
Let l = -13 - -18. Suppose -l*h - 753 + 4108 = 0. List the prime factors of h.
11, 61
Let b = 164985 + -116515. List the prime factors of b.
2, 5, 37, 131
Let w(j) = -3*j**3 - 5*j**2 - 68*j - 561. What are the prime factors of w(-20)?
7, 3257
Let h(u) = 145*u - 28. Let o(b) = 144*b - 29. Let w(p) = 5*h(p) - 4*o(p). What are the prime factors of w(2)?
2, 137
What are the prime factors of (763521/204)/(8/96)?
3, 11, 1361
Suppose 22*k + 8891 - 1697 = 0. Let c = k - -367. List the prime factors of c.
2, 5
Let c be 0/(-1)*(-7)/(-28). Suppose 5*u + m - 1497 = c, 2*m - m = -u + 301. List the prime factors of u.
13, 23
Let q = 2277 - 1200. Let y = 583 - q. What are the prime factors of (y/19)/(0 - 1)?
2, 13
Let z be ((-8340)/(-8))/(5/10). Suppose 0 = 12*c + z - 5781. List the prime factors of c.
2, 7, 11
Suppose -40*s + 686160 = 17*s - 21*s. List the prime factors of s.
2, 5, 953
Let f(b) = 14*b**3 + 4*b**2 - 3*b + 1. Let a(q) = -q**2 - 16*q - 5. Let o be a(-13). Let n = 36 - o. What are the prime factors of f(n)?
3, 41
Suppose -272 = i - 289. Suppose -i*c + 31*c = 6832. List the prime factors of c.
2, 61
Suppose 4*g + 3*m = -2*m + 17, -4*m = -5*g - 30. Let h be (g/(-3))/(2/15). What are the prime factors of (2/h)/(3/1695)?
2, 113
Let m = -11595 - -13895. What are the prime factors of m?
2, 5, 23
Suppose -19*g = 2*b - 18*g + 240, 5*b + 3*g + 601 = 0. Let a = 344 + b. What are the prime factors of a?
3, 5
Let i = 2297 + 12795. List the prime factors of i.
2, 7, 11
Suppose -7*m = 4139 - 12833. List the prime factors of m.
2, 3, 23
Suppose -5*z + 2*c = -73545, 0 = 19*c - 22*c + 15. List the prime factors of z.
47, 313
Let t be ((-2)/(-2))/(10374/518 - 20). Let u be (-20 - 1)/((-1)/3). Let h = u - t. List the prime factors of h.
2, 13
Let c(o) = -o**2 + 12*o - 17. Let k be c(10). Suppose -m + 20 = 4*d, -m - 41 = -5*m - k*d. Let h(q) = 7*q + 32. What are the prime factors of h(m)?
2, 1